 to base 16.
343e
d30d (base 15) to base 12
21957
-9c89 (base 13) to base 5
-1200124
Convert 581 (base 11) to base 4.
22312
Convert 450 (base 7) to base 3.
22120
Convert c1b (base 13) to base 6.
13300
What is -236 (base 15) in base 14?
-27b
-205451 (base 6) to base 5
-1014212
What is 1872 (base 15) in base 7?
21254
Convert 280 (base 12) to base 16.
180
17727 (base 10) to base 7
102453
-1103 (base 10) to base 13
-66b
What is -1a (base 12) in base 16?
-16
Convert 376 (base 10) to base 3.
111221
1020 (base 7) to base 12
259
What is -29e (base 15) in base 9?
-735
What is -5053 (base 6) in base 12?
-789
-23202 (base 5) to base 3
-2022010
823a (base 11) to base 13
4c90
What is -245e (base 15) in base 16?
-1e3b
What is -d62 (base 15) in base 4?
-233021
-30000212 (base 4) to base 2
-1100000000100110
What is e1 (base 15) in base 10?
211
-c94 (base 16) to base 11
-2468
Convert -368b (base 12) to base 14.
-2359
What is -654 (base 7) in base 3?
-110100
7aa2 (base 11) to base 14
3c3d
What is -40341 (base 5) in base 6?
-20004
204124 (base 6) to base 16
4054
2022020 (base 3) to base 14
880
What is 6ea (base 15) in base 13?
93a
What is 9610 (base 13) in base 7?
114433
What is -122334 (base 5) in base 13?
-21c0
What is -101001120 (base 3) in base 14?
-295a
-112022000 (base 3) to base 8
-24266
-1742 (base 8) to base 7
-2620
-3301203 (base 5) to base 3
-2212101221
-4333 (base 6) to base 2
-1111100001
-1041243 (base 5) to base 7
-104264
Convert 4ca (base 15) to base 11.
901
Convert 594 (base 12) to base 2.
1101000000
-1464 (base 10) to base 12
-a20
Convert -12033121 (base 4) to base 3.
-1022001201
Convert 580 (base 9) to base 7.
1251
What is 103331 (base 4) in base 13?
773
What is -1100011 (base 2) in base 15?
-69
Convert 1d2a (base 16) to base 10.
7466
Convert 31531 (base 6) to base 15.
141d
Convert -21295 (base 11) to base 6.
-355155
3153 (base 6) to base 5
10332
Convert -13002132 (base 4) to base 13.
-10179
Convert 12222 (base 4) to base 5.
3201
-488 (base 12) to base 15
-305
What is 13034 (base 15) in base 13?
2189b
-1676 (base 11) to base 4
-201130
6115 (base 8) to base 3
11022122
What is 14013 (base 7) in base 10?
3783
Convert -110224 (base 5) to base 12.
-225a
13013 (base 6) to base 13
b73
What is 34d (base 16) in base 6?
3525
What is 2ab (base 13) in base 11?
3a6
Convert bed6 (base 16) to base 8.
137326
What is -20201 (base 5) in base 4?
-110111
What is -205 (base 7) in base 15?
-6d
What is -41203 (base 7) in base 9?
-14704
Convert -2322 (base 5) to base 11.
-287
Convert 80 (base 16) to base 11.
107
4393 (base 16) to base 7
101302
What is 1011010100 (base 2) in base 12?
504
Convert 52c (base 15) to base 7.
3255
What is 8be6 (base 16) in base 14?
d0a2
Convert -23232 (base 4) to base 13.
-459
-22040 (base 5) to base 11
-1162
What is -1243 (base 8) in base 2?
-1010100011
What is -242 (base 11) in base 12?
-200
Convert -ee27 (base 15) to base 16.
-c505
What is 11001111 (base 2) in base 6?
543
-18562 (base 11) to base 3
-1022121120
What is 4558 (base 9) in base 11?
2598
-3012121 (base 4) to base 6
-134441
Convert 133c (base 13) to base 6.
20431
Convert 13ba (base 12) to base 5.
33202
Convert -1011100001 (base 2) to base 10.
-737
What is 52542 (base 6) in base 5?
211433
-10011 (base 2) to base 12
-17
Convert 144240 (base 5) to base 14.
2387
What is 16c (base 13) in base 14?
147
Convert -22000322 (base 4) to base 16.
-a03a
Convert -3c4 (base 14) to base 3.
-1001011
What is 7a7 (base 13) in base 10?
1320
What is bb5 (base 16) in base 6?
21513
Convert -47578 (base 10) to base 2.
-1011100111011010
Convert -7050 (base 10) to base 6.
-52350
Convert -11001100001010 (base 2) to base 11.
-98a9
Convert 3163 (base 11) to base 12.
2507
What is -24062 (base 8) in base 13?
-48b7
Convert 39664 (base 11) to base 6.
1114254
3120 (base 9) to base 14
b94
What is 1023 (base 7) in base 2?
101101000
What is 211630 (base 7) in base 2?
1000111101000001
40014 (base 8) to base 16
400c
Convert -192 (base 16) to base 9.
-486
-260 (base 15) to base 4
-20130
40170 (base 8) to base 14
602c
What is 1140440 (base 5) in base 2?
101001101111010
7a3 (base 13) to base 5
20231
Convert -2332 (base 9) to base 16.
-6c2
What is -13103 (base 4) in base 15?
-212
What is 20371 (base 9) in base 12?
7931
-13a8 (base 11) to base 12
-1070
Convert -760 (base 8) to base 15.
-231
What is 3033032 (base 4) in base 5?
411022
What is 1012202 (base 3) in base 5?
12014
What is -568 (base 15) in base 11?
-a12
What is 11225 (base 6) in base 15?
71b
-211021110 (base 3) to base 9
-24243
Convert 15288 (base 12) to base 16.
7448
2211 (base 7) to base 15
37c
-23043 (base 5) to base 12
-b54
12110222 (base 3) to base 13
1a84
Convert -10002101 (base 3) to base 11.
-1767
What is 306 (base 16) in base 7?
2154
What is 1877c (base 13) in base 2?
1011100100111111
Convert -13fc (base 16) to base 12.
-2b64
What is -825b (base 13) in base 7?
-103310
-1647 (base 9) to base 16
-4ea
Convert -6551 (base 7) to base 13.
-10ac
-3643 (base 9) to base 5
-41322
Convert 18aa (base 11) to base 13.
1141
What is -da8 (base 15) in base 8?
-6013
Convert 36e1 (base 16) to base 11.
a612
Convert 1170 (base 8) to base 12.
448
Convert 2231202 (base 4) to base 10.
11106
-3571 (base 15) to base 14
-41d2
Convert 11261 (base 8) to base 13.
2241
3164 (base 13) to base 15
2062
-12121012 (base 3) to base 5
-112312
3a2d (base 15) to base 9
18027
What is -1010000000 (base 2) in base 8?
-1200
-31d (base 16) to base 7
-2216
Convert -88467 (base 9) to base 13.
-2094a
2bd (base 14) to base 15
274
What is -25406 (base 11) in base 14?
-d3bd
Convert 3485 (base 13) to base 3.
101010012
What is -485 (base 10) in base 14?
-269
What is 54d (base 16) in base 11?
1024
What is 10110011111110 (base 2) in base 8?
26376
-4a5 (base 16) to base 13
-706
What is -101100110110 (base 2) in base 11?
-217a
What is -1100013 (base 5) in base 7?
-105455
What is -2132300 (base 4) in base 3?
-111221022
42230 (base 6) to base 7
22431
What is -12488 (base 10) in base 7?
-51260
-96 (base 11) to base 8
-151
What is c4 (base 16) in base 5?
1241
464 (base 12) to base 8
1214
-121c5 (base 13) to base 8
-101005
Convert 1ab (base 12) to base 15.
135
-116050 (base 9) to base 5
-4220104
What is -7c7 (base 15) in base 6?
-12054
What is -2184 (base 9) in base 10?
-1615
What is -231544 (base 6) in base 13?
-9070
What is 7cf8 (base 16) in base 11?
22044
13113212 (base 4) to base 2
111010111100110
-4909 (base 13) to base 9
-15134
Convert -5241 (base 7) to base 14.
-958
Convert 1110010111 (base 2) to base 5.
12134
Convert -1001002200 (base 3) to base 15.
-6109
What is -21021 (base 3) in base 16?
-c4
Convert -91c9 (base 16) to base 14.
-d85b
What is -2221333 (base 4) in base 9?
-15827
Convert 88a9 (base 11) to base 6.
130155
Convert -831 (base 15) to base 7.
-5245
What is -36c (base 16) in base 8?
-1554
1000010 (base 2) to base 8
102
12652 (base 7) to base 11
2628
Convert -2cd0 (base 16) to base 6.
-125040
What is -100122121 (base 3) in base 16?
-1b7c
-10221011 (base 4) to base 13
-8867
Convert -535 (base 12) to base 13.
-467
What is -130205 (base 6) in base 14?
-43c9
-244132 (base 6) to base 10
-21656
Convert -567 (base 16) to base 12.
-973
Convert -666 (base 8) to base 9.
-536
-1069 (base 11) to base 2
-10101111110
Convert -45cb (base 15) to base 7.
-61124
Convert 21322 (base 4) to base 13.
39a
What is 525 (base 14) in base 5?
13023
What is 283 (base 13) in base 6?
2021
What is -10202110211 (base 3) in base 8?
-220367
-840b (base 15) to base 5
-1343121
Convert -2522 (base 7) to base 5.
-12242
-320334 (base 5) to base 15
-3299
Convert 519 (base 12) to base 13.
450
What is -14102 (base 5) in base 6?
-5200
-906 (base 10) to base 11
-754
847 (base 11) to base 6
4415
2b3a (base 13) to base 10
6302
-2000120 (base 3) to base 4
-113001
Convert 655 (base 8) to base 5.
3204
What is 16530 (base 9) in base 4?
2301213
Convert -135641 (base 7) to base 5.
-1313143
1216 (base 13) to base 4
213322
What is -10011001 (base 2) in base 9?
-180
-106 (base 11) to base 12
-a7
-11221111 (base 3) to base 7
-13336
What is -15640 (base 7) in base 8?
-10526
Convert 12455 (base 6) to base 16.
773
Convert 1253 (base 7) to base 5.
3404
-2a6b (base 12) to base 15
-171e
-4400 (base 5) to base 16
-258
10e2 (base 16) to base 13
1c76
8058 (ba